{"id":93,"date":"2013-04-14T17:53:03","date_gmt":"2013-04-14T15:53:03","guid":{"rendered":"http:\/\/www.matthias-hofmann.info\/?page_id=93"},"modified":"2025-10-16T00:22:58","modified_gmt":"2025-10-15T22:22:58","slug":"2090-2154","status":"publish","type":"page","link":"http:\/\/www.matthias-hofmann.info\/?page_id=93","title":{"rendered":"2090 &#8211; 2154"},"content":{"rendered":"<p style=\"text-align: justify;\"><strong>10. April 2092<br \/>\n<\/strong><span style=\"text-decoration: underline;\">Aufl\u00f6sung der UNO:<\/span> Die neun Staatenkonglomerate der Erde beschlie\u00dfen die Aufl\u00f6sung der inzwischen l\u00e4ngst handlungsunf\u00e4higen UN.<\/p>\n<p style=\"text-align: justify;\"><strong>2100<br \/>\n<\/strong>Es verdichten sich Hinweise, dass ein st\u00e4rkerer Vertreter der sogenannten Gravitationswelle existiert, den Hyper Gravitation Stream (Gravstream), der m\u00f6glicherweise auch Massen transportieren kann.<\/p>\n<p style=\"text-align: justify;\"><strong>2107<br \/>\n<\/strong>Die ISECA autorisiert den Bau eines Hyperraum-Sprungtors am Rande des Sonnensystems, das einen \u00dcbergang in den Gravstream generieren soll.<\/p>\n<p style=\"text-align: justify;\">Entwurfen wurde das Sprungtor von der Wissenschaftlerin Andrea Cassin.<\/p>\n<p style=\"text-align: justify;\"><strong>13. Februar 2109<br \/>\n<\/strong>Das Sol-Sprungtor ist fertiggestellt, worauf mit den ersten Tests umgehend begonnen wird. Mit Hilfe eines Hochenergie-Gravitonimpulses wird erstmals der sogenannte Cassin-Vortex gebildet, womit theoretisch Objekte in den Gravstream eintreten k\u00f6nnen.<\/p>\n<p style=\"text-align: justify;\">Die Raumsonde <em>HGS-Explorer One<\/em>\u00a0tritt in den Stream ein, geht aber verloren. Auch die sechs daraufhin entsandten Sonden erleiden alle dasselbe Schicksel. Ohne genaue Hilfsmittel ist ein zielsicheres navigieren im Stream nicht m\u00f6glich.<\/p>\n<p style=\"text-align: justify;\">Cassin pr\u00e4sentiert noch Ende des Jahres den Prototypen einer Torboje. Diese soll im Stream verankert werden und sendet einen Leitstrahl aus. Durch den Aufbau eines Bojennetzwerkes, das an weitere Sprungtore gekoppelt ist, k\u00f6nnte das sichere navigieren im Stream k\u00fcnftig m\u00f6glich werden.<\/p>\n<p style=\"text-align: justify;\"><strong>2110<br \/>\n<\/strong>Die ISECA beschlie\u00dft den Bau mehrerer gro\u00dfer Forschungsraumschiffe, die ein jedes zu einem anderen Stern fliegen sollen, um dort jeweils ein Sprungtor, mitsamt einer dazu passenden Torboje, aufzustellen.<\/p>\n<p style=\"text-align: justify;\">Zum Bau autorisiert sind: <em>ISRV<\/em> <em>Explorer<\/em>, <em>ISRV<\/em> <em>Venturer<\/em>, <em>ISRV<\/em> <em>Navigator<\/em>, <em>ISRV<\/em> <em>Voyager<\/em>, <em>ISRV<\/em> <em>Investigator<\/em> und <em>ISRV<\/em> <em>Discoverer<\/em>.<\/p>\n<p style=\"text-align: justify;\">Die Mannschaften der Schiffe werden in Kryostase gehalten und aufgeweckt, sobald das Raumschiff sein jeweiliges Zielsystem erreicht hat.<\/p>\n<table border=\"0\" cellpadding=\"3\">\n<tbody>\n<tr>\n<td style=\"background-color: #859cad;\"><span style=\"color: #000000; font-size: x-small;\">Schiff<\/span><\/td>\n<td style=\"background-color: #859cad;\"><span style=\"color: #000000; font-size: x-small;\">Zielsystem<\/span><\/td>\n<\/tr>\n<tr>\n<td style=\"background-color: #b5cecc;\"><span style=\"color: #000000; font-size: x-small;\">ISRV Explorer<\/span><\/td>\n<td style=\"background-color: #b5cecc;\"><span style=\"color: #000000; font-size: x-small;\">Toliman (Alpha Centauri)<\/span><\/td>\n<\/tr>\n<tr>\n<td style=\"background-color: #b5cecc;\"><span style=\"color: #000000; font-size: x-small;\">ISRV Venturer<\/span><\/td>\n<td style=\"background-color: #b5cecc;\"><span style=\"color: #000000; font-size: x-small;\">Tau Ceti<\/span><\/td>\n<\/tr>\n<tr>\n<td style=\"background-color: #b5cecc;\"><span style=\"color: #000000; font-size: x-small;\">ISRV Navigator<\/span><\/td>\n<td style=\"background-color: #b5cecc;\"><span style=\"color: #000000; font-size: x-small;\">Barnard&#8217;s Star<\/span><\/td>\n<\/tr>\n<tr>\n<td style=\"background-color: #b5cecc;\"><span style=\"color: #000000; font-size: x-small;\">ISRV Voyager<\/span><\/td>\n<td style=\"background-color: #b5cecc;\"><span style=\"color: #000000; font-size: x-small;\">Sirius<\/span><\/td>\n<\/tr>\n<tr>\n<td style=\"background-color: #b5cecc;\"><span style=\"color: #000000; font-size: x-small;\">ISRV Investigator<\/span><\/td>\n<td style=\"background-color: #b5cecc;\"><span style=\"color: #000000; font-size: x-small;\">Epsilon Indi<\/span><\/td>\n<\/tr>\n<tr>\n<td style=\"background-color: #b5cecc;\"><span style=\"color: #000000; font-size: x-small;\">ISRV Discoverer<\/span><\/td>\n<td style=\"background-color: #b5cecc;\"><span style=\"color: #000000; font-size: x-small;\">Procyon<\/span><\/td>\n<\/tr>\n<\/tbody>\n<\/table>\n<p style=\"text-align: justify;\"><strong>19. Mai 2124<br \/>\n<\/strong><span style=\"text-decoration: underline;\">Gr\u00fcndung der Toliman-Kolonie (Alpha Centauri):<\/span> Nachdem die <em>Explorer<\/em> das System Alpha Centauri erreicht hat, wird die erste extrasolare Raumkolonie der Menschheit gegr\u00fcndet (Alpha-Kolonie). Zeitgleich beginnt der Aufbau des Toliman-Sprungtores.<\/p>\n<p style=\"text-align: justify;\"><strong>04. November 2124<br \/>\n<\/strong><span style=\"text-decoration: underline;\">Gr\u00fcndung der Proxima-Kolonie:<\/span> Im Proxima-Centauri-System entsteht die zweite extrasolare Kolonie der Menschheit. Diese befindet sich auf dem gr\u00f6\u00dften Mond des Planeten Proxima II.<\/p>\n<p style=\"text-align: justify;\"><strong>22. Februar 2125<br \/>\n<\/strong>Das Toliman-Sprungtor ist betriebsbereit und die dazugeh\u00f6rige Torboje aufgestellt. Die Sonde <em>HGS-Toliman Explorer One<\/em>\u00a0wird durch das Tor geschickt und erreicht nach einem eint\u00e4gigen Flug auf dem Toliman-Sol-Leitstrahl das Sonnensystem durch das Sol-Sprungtor.<\/p>\n<p style=\"text-align: justify;\"><strong>01. M\u00e4rz 2125<br \/>\n<\/strong><span style=\"text-decoration: underline;\">Erster bemannter Flug durch den Gravstream:<\/span> Andrea Cassin fliegt mit dem Raumgleiter <em>ISRV<\/em> <em>Star Ruler<\/em> in den Gravstream und erreicht sicher das Toliman-System.<\/p>\n<p><strong><em>Die Menschheit hat das Tor zu den Sternen aufgesto\u00dfen!<\/em><\/strong><\/p>\n<p style=\"text-align: justify;\"><strong>2127<br \/>\n<\/strong>In schneller Folge entstehen weitere Raumkolonien in den Systemen Tau Ceti, Sirius, Barnard&#8217;s Star und Procyon. Die Errichtung einer Basis im System Epsilon Indi schl\u00e4gt hingegen vorerst fehl, da die <em>Investigator<\/em> aus unbekannten Gr\u00fcnden verloren geht.<\/p>\n<p style=\"text-align: justify;\">Mit der Errichtung der Raumkolonien beginnen auch mehrere transstellare Frachtoperator ihre T\u00e4tigkeit aufzunehmen. Die bekanntesten und auch erfolgreichsten Gesellschaften sind die Unternehmen Space Cargo Liners (SCL) und Transstellar Freight Services (TFS).<\/p>\n<p style=\"text-align: justify;\"><strong>2130<br \/>\n<\/strong>Auf der Erde w\u00e4chst das Misstrauen zwischen den Staatenkonglomeraten und der ISECA, die peinlichst darauf bedacht ist, das Gleichgewicht der Kr\u00e4fte zu erhalten.<\/p>\n<p style=\"text-align: justify;\"><strong>14. Juni 2134<br \/>\n<\/strong><span style=\"text-decoration: underline;\">Bildung der Nordliga (Northern League; NL):<\/span> Die Europ\u00e4ische F\u00f6deration (EF) und die Nordamerikanische Konf\u00f6deration (NAC) rufen die Nordliga ins Leben, der sich kurz darauf auch die Pazifische Union (PU) anschlie\u00dft.<\/p>\n<p style=\"text-align: justify;\"><strong>17. September 2134<br \/>\n<\/strong><span style=\"text-decoration: underline;\">Bildung des Zentralen Blocks (Central Block):<\/span> Die Afrikanische F\u00f6deration (AF) und die Vereinigte Islamische Liga (UIL) schlie\u00dfen sich zum Zentralen Block zusammen, um eine Art von Gegengewicht zur Nordliga zu bilden.<\/p>\n<p style=\"text-align: justify;\">Das Asiatische Commonwealth (AC) sympathisiert mit dieser neuen Organisation, ohne sich jedoch dieser anzuschlie\u00dfen.<\/p>\n<p style=\"text-align: justify;\"><strong>2137<br \/>\n<\/strong>Die ISECA treibt indes die zweite Kolonisierungswelle voran, kann aber immer weniger effektiv agieren, da die Nordliga und der Zentrale Block sich gegenseitig blockieren. Was sehr zum Leidwesen der \u00fcbrigen Erdkonglomerate geschieht, die an der Gr\u00fcndung weiterer Raumkolonien interessiert sind.<\/p>\n<p style=\"text-align: justify;\">Bis Ende 2150 werden trotz der schwierigen Rahmenbedingungen alle Systeme im Umkreis von 15 Lichtjahren kolonisiert bzw. in Besitz genommen.<\/p>\n<p style=\"text-align: justify;\"><strong>2141<br \/>\n<\/strong>Das Verh\u00e4ltnis zwischen der Northern League und dem Central Block wird zunehmend schwieriger. Schlie\u00dflich beginnt der Central Block im Geheimen mit dem Generalumbau des Forschungsraumschiffes <em>ISRV<\/em> <em>Navigator<\/em>, dass Anfang 2141 f\u00fcr die anderen Erdkonglomerate \u00fcberraschend als <em>CBSS<\/em> <em>Cairo<\/em> wieder in Erscheinung tritt.<\/p>\n<p style=\"text-align: justify;\"><em><strong>Die Cairo ist das erste weltraumtaugliche Kriegsschiff der<\/strong><\/em> <strong>Menschheit.<br \/>\n<\/strong>CBSS = Central Block Star Ship<\/p>\n<p style=\"text-align: justify;\"><strong>07. Dezember 2143<br \/>\n<\/strong>Der aus Hartford (NAC) stammende Gesch\u00e4ftsmann Alfred Hancock gr\u00fcndet zusammen mit sienem Gesch\u00e4ftspartner Michael Palliser das Unternehmen Hancock+Palliser Consolidated (HaPCon). Beide unterst\u00fctzen von Anfang an die Northern League tatkr\u00e4ftig, wodurch sie rasch ein riesiges Verm\u00f6gen erwirtschaften k\u00f6nnen.<\/p>\n<p style=\"text-align: justify;\"><strong>14. August 2144<br \/>\n<\/strong>Die<em> Cairo<\/em> attackiert das der Northern League nahestehende System Tau Ceti und setzt Bodentruppen ab, die die dort verortete Tau-Kolonie nach heftigen K\u00e4mpfen f\u00fcr den Central Block in Besitz nehmen.<\/p>\n<p><em><strong>Beginn des Krieges zwischen der Northern League und dem Central Block.<\/strong><\/em><\/p>\n<p style=\"text-align: justify;\">Die League und der Block k\u00e4mpfen Im Sol-System sofort um die Vorherrschaft und es finden dort heftige K\u00e4mpfe im Umkreis der besiedelten Planeten, Monde und Stationen statt, die zu Beginn von f\u00fcr den Kampf nur notd\u00fcrftig umger\u00fcsteten ehemals zivilen Raumschiffen ausgetragen werden.<\/p>\n<p style=\"text-align: justify;\"><strong>2145<br \/>\n<\/strong>Gegen heftigen Wiederstand seitens des Central Blocks, beginnt die Northern League beim Mars mit dem Aufbau einer Flottenwerft, um eigene zweckgebaute Kriegsschiffe in Dienst stellen zu k\u00f6nnen. Die <em>Cairo<\/em> anttackiert unterdessen weitere Raumkolonien der Liga und nimmt auf die Weise Sirius und Procyon f\u00fcr den Block in Besitz.<\/p>\n<p style=\"text-align: justify;\">Gleichzeitig beginnt der Block in seinem Hauptkoloniesystem Epsilon Indi mit der Errichtung einer eigenen Flottenwerft, da der Block im Sol-System zunehmend an Boden verliert.<\/p>\n<p style=\"text-align: justify;\"><strong>17. April 2146<br \/>\n<\/strong>Die Northern League stellt mit der <em>NLSS<\/em> <em>Hercules<\/em> ihr erstes Raumkriegsschiff in Dienst. Die <em>Hercules<\/em> ist als Schlachtkreuzer klassifiziert und das erste zweckgebaute Raumkriegsschiff der Menschheit, da es sich bei <em>der\u00a0Cairo<\/em> um einen Umbau handelt.<\/p>\n<p>NLSS = Northern League Star Ship<\/p>\n<p style=\"text-align: justify;\">Noch im selben Jahr folgen mit den Einheiten<em> Bellerophon<\/em>, <em>Perseus<\/em>, <em>Theseus, Apollo, Ceres<\/em> und <em>Athena<\/em> weitere Vertreter dieses Typs.<\/p>\n<p style=\"text-align: justify;\">Ein hervorstechendes Designmerkmal dieser Schiffsklasse waren mehrere Rotationselemente, mit denen man in einigen Sektionen der Schiffe k\u00fcnstliche Schwerkraft erzeugen konnte, wie es bei den gro\u00dfen Raumstation bereits \u00fcblich war. Diese Rotationseinheiten bilden in den n\u00e4chsten 150 Jahre ein charakteristisches Merkmal vieler gro\u00dfer Raumschiffe der Menschen. Ansonsten bewegen sich die Menschen mithilfe von Magnetstiefeln auf den Schiffen fort.<\/p>\n<p style=\"text-align: justify;\">Versuche, diese Schiffe mit waffenf\u00e4higen Lasern auszustatten, bringen allerdings keinen Erfolg, da man \u00fcber die dazu n\u00f6tigen Kenntnisse nicht verf\u00fcgt. Aus diesem Grund sind die Schiffe mit Railguns, Raketen und den ersten Fusionstorpedos ausger\u00fcstet.<\/p>\n<p style=\"text-align: justify;\">Die Schiffe der Hercules-Klasse erreichen unter vollem D\u00e4mpfereinsatz bereits eine Geschwindigkeit von 2.500 km\/s.<\/p>\n<p style=\"text-align: justify;\"><strong>21. Oktober 2146<br \/>\n<\/strong>Mit der <em>CBSS<\/em> <em>Africa<\/em> stellt der Central Block selbst sein erstes eigenes Raumkriegsschiff in Dienst. Der <em>Africa<\/em> folgen die baugleichen Einheiten <em>Asia<\/em>, <em>Egypt<\/em>, <em>Addis Ababa<\/em>, <em>Baghdad<\/em> und <em>Khorasan<\/em>.<\/p>\n<p><strong>19. Januar 2147<br \/>\n<\/strong>Die <em>Hercules<\/em> unter dem Kommando von Captain Kaitlin Matheson stellt die <em>Cairo<\/em> im System Lalande 21185 und zwingt sie zur Aufgabe.<\/p>\n<p style=\"text-align: justify;\"><strong>2148<br \/>\n<\/strong>Nachdem die Northern League alle St\u00fctzpunkte und Basen des Central Block innerhalb des Sol-Systems erobert hat, sperrt die Liga das Sol-Sprungtor f\u00fcr Raumschiffe des Blocks, der so von den \u00fcberlebenswichtigen Rohstofflieferungen aus seinen interstellaren Kolonien abgeschnitten ist.<\/p>\n<p style=\"text-align: justify;\"><strong>14. April 2149<br \/>\n<\/strong>Der Central Block beginnt unter dem Kommando von Vice Admiral Amre ar-Rahman mit einem Generalangriff auf die beim Sol-Sprungtor versammelten Einheiten der Northern League, die von der zwischenzeitlich zum Rear Admiral (Konteradmiral) bef\u00f6rderten Kaitlin Matheson kommandiert werden.<\/p>\n<p style=\"text-align: justify;\">Matheson weist den Angriff von ar-Rahman ab, der f\u00e4llt. Infolge der weiteren K\u00e4mpfe verliert der Central Block auf einem Schlag einen Gro\u00dfteil seiner Raumstreitkr\u00e4fte, woraufhin die League ihrerseits mit dem Angriff auf die Systeme Sirius und Procyon beginnt.<\/p>\n<p style=\"text-align: justify;\"><strong>2150<br \/>\n<\/strong>Die Northern League kann gegen heftigen Widerstand die Systeme Sirius und Procyon zur\u00fcckerobern und sichern. Gegenangriffe von Streitkr\u00e4ften des Central Blocks bleiben erfolglos.<\/p>\n<p style=\"text-align: justify;\"><strong>12. April 2151<br \/>\n<\/strong>Kaitlin Matheson &#8211; inzwischen in dem Rang eines Admirals &#8211; leitet den Angriff der League auf das Epsilon-Indi-System ein, der letzten gro\u00dfen Bastion des Central Blocks.<\/p>\n<p style=\"text-align: justify;\">In der kurz darauf beim Planeten Acadia IV stattfindenden Raumschlacht, kann Matheson die verbliebenen Raumstreitkr\u00e4fte des Blocks aufreiben und die Kolonie besetzen.<\/p>\n<p style=\"text-align: justify;\"><strong>2152<br \/>\n<\/strong>Streitkr\u00e4fte der League besetzen die letzte extrasolare Kolonie des Central Blocks, Tau Ceti.<\/p>\n<p style=\"text-align: justify;\">Eleonora Garc\u00eda, die Vorsitzende der S\u00fcdamerikanischen Allianz, beruft darauf die Regierungschefs der \u00fcbrigen Erdkonglomerate zu einem geheimen Treffen ein, um den Konflikt endlich zu beenden, zumal keiner von ihnen an einem umfassenden Sieg der League interessiert ist.<\/p>\n<p style=\"text-align: justify;\"><strong>25. Oktober 2153<br \/>\n<\/strong><span style=\"text-decoration: underline;\">Friede von Rio de Janeiro:<\/span> Auf Druck der blockfreien Erdkonglomerate stellt die League die Kampfhandlungen ein und schlie\u00dft Frieden mit dem praktisch besiegten Block, womit es bei einem Status quo bleibt, der keine der beteiligten Seiten zufrieden stellt.<\/p>\n<p style=\"text-align: justify;\">Eine Tatsache, der sich Garc\u00eda nur allzu deutlich bewusst ist.<\/p>\n<p style=\"text-align: justify;\"><strong>19. November 2153<br \/>\n<\/strong>Fleet Admiral Kaitlin Matheson wird w\u00e4hrend der Truppenparade, anl\u00e4sslich des Sieges \u00fcber den Central Block, in Br\u00fcssel durch Loyalisten des Central Blocks \u00f6ffentlich ermordet.<\/p>\n<p style=\"text-align: justify;\">Eleonora Garc\u00eda kann nur mit allergr\u00f6\u00dftem diplomatischen Geschick ein wiederauflammen der K\u00e4mpfe verhindern.<\/p>\n<p style=\"text-align: justify;\"><strong>16. Juni 2154<br \/>\n<span style=\"text-decoration: underline;\">Gr\u00fcndung des Vereinigten Erdsupremats &#8211; Unified Earth Supremacy; UES:<br \/>\n<\/span><\/strong>Auf Betreiben von Eleonora Garc\u00eda willigen die Vertreter der Northern League, des Central Blocks und der blockfreien Erdkonglomerate der Gr\u00fcndung dieser \u00fcbergeordneten Staatsorganisation zu.<\/p>\n<p style=\"text-align: justify;\">Genf (Geneva) wird die Hauptstadt der UES und das umliegende Land als Hauptstadtterritorium (Earth Capital Territory; ECT) neu situiert. Nahe dem Genfer See beginnt man mit dem Bau des Regierungsviertels, dessen zentraler Punkt das Supremaneum bildet &#8211; in dem der Kongress tagt &#8211; sowie der nahe gelegene Sitz des Pr\u00e4sidenten: das Cologny House.<\/p>\n<p style=\"text-align: justify;\">Gegen\u00fcber dem Supremaneum entsteht das Kaitlin-Matheson-Building &#8211; kurz KMB -, in dem das Ministerium f\u00fcr Verteidigung untergebracht ist.<\/p>\n<p style=\"text-align: justify;\">Zur selben Zeit werden die Vereinigten Erdstreitkr\u00e4fte (Unified Earth Armed Forces, UEAF) als oberstes milit\u00e4tisches Organ der UES gegr\u00fcndet.<\/p>\n<p style=\"text-align: justify;\"><span style=\"text-decoration: underline;\">Der UEAF unterstehen:<\/span><\/p>\n<table border=\"0\" cellpadding=\"3\">\n<tbody>\n<tr>\n<td style=\"background-color: #b5cecc;\"><span style=\"color: #000000; font-size: x-small;\">Unified Earth Fleet Service<\/span><\/td>\n<td style=\"background-color: #b5cecc;\"><span style=\"color: #000000; font-size: x-small;\">UEFS<\/span><\/td>\n<td style=\"background-color: #b5cecc;\"><span style=\"color: #000000; font-size: x-small;\">Raumflotte<\/span><\/td>\n<\/tr>\n<tr>\n<td style=\"background-color: #b5cecc;\"><span style=\"color: #000000; font-size: x-small;\">Unified Earth Marine Corps<\/span><\/td>\n<td style=\"background-color: #b5cecc;\"><span style=\"color: #000000; font-size: x-small;\">UEMC<\/span><\/td>\n<td style=\"background-color: #b5cecc;\"><span style=\"color: #000000; font-size: x-small;\">Marine Corps<\/span><\/td>\n<\/tr>\n<tr>\n<td style=\"background-color: #b5cecc;\"><span style=\"color: #000000; font-size: x-small;\">Unified Earth Army Service<\/span><\/td>\n<td style=\"background-color: #b5cecc;\"><span style=\"color: #000000; font-size: x-small;\">UEAS<\/span><\/td>\n<td style=\"background-color: #b5cecc;\"><span style=\"color: #000000; font-size: x-small;\">Armee<\/span><\/td>\n<\/tr>\n<tr>\n<td style=\"background-color: #b5cecc;\"><span style=\"color: #000000; font-size: x-small;\">Unified Earth Defense Service<\/span><\/td>\n<td style=\"background-color: #b5cecc;\"><span style=\"color: #000000; font-size: x-small;\">UEDS<\/span><\/td>\n<td style=\"background-color: #b5cecc;\"><span style=\"color: #000000; font-size: x-small;\">planetare Verteidigung<\/span><\/td>\n<\/tr>\n<\/tbody>\n<\/table>\n<p style=\"text-align: justify;\"><em><strong>Die Erde ist endlich ein geeinter Planet. Bei den darauffolgenden Wahlen wird die bisherige Vorsitzende der S\u00fcdamerikanischen Allianz, Eleonora Garcia, als erstes Staatsoberhaupt der UES best\u00e4tigt.<\/strong><\/em><\/p>\n","protected":false},"excerpt":{"rendered":"<p>10. April 2092 Aufl\u00f6sung der UNO: Die neun Staatenkonglomerate der Erde beschlie\u00dfen die Aufl\u00f6sung der inzwischen l\u00e4ngst handlungsunf\u00e4higen UN. 2100 Es verdichten sich Hinweise, dass ein st\u00e4rkerer Vertreter der sogenannten Gravitationswelle existiert, den Hyper Gravitation Stream (Gravstream), der m\u00f6glicherweise auch &hellip; <a href=\"http:\/\/www.matthias-hofmann.info\/?page_id=93\">Weiterlesen <span class=\"meta-nav\">&rarr;<\/span><\/a><\/p>\n","protected":false},"author":3,"featured_media":0,"parent":40,"menu_order":3,"comment_status":"closed","ping_status":"closed","template":"sidebar-page.php","meta":{"footnotes":""},"class_list":["post-93","page","type-page","status-publish","hentry"],"_links":{"self":[{"href":"http:\/\/www.matthias-hofmann.info\/index.php?rest_route=\/wp\/v2\/pages\/93","targetHints":{"allow":["GET"]}}],"collection":[{"href":"http:\/\/www.matthias-hofmann.info\/index.php?rest_route=\/wp\/v2\/pages"}],"about":[{"href":"http:\/\/www.matthias-hofmann.info\/index.php?rest_route=\/wp\/v2\/types\/page"}],"author":[{"embeddable":true,"href":"http:\/\/www.matthias-hofmann.info\/index.php?rest_route=\/wp\/v2\/users\/3"}],"replies":[{"embeddable":true,"href":"http:\/\/www.matthias-hofmann.info\/index.php?rest_route=%2Fwp%2Fv2%2Fcomments&post=93"}],"version-history":[{"count":31,"href":"http:\/\/www.matthias-hofmann.info\/index.php?rest_route=\/wp\/v2\/pages\/93\/revisions"}],"predecessor-version":[{"id":1350,"href":"http:\/\/www.matthias-hofmann.info\/index.php?rest_route=\/wp\/v2\/pages\/93\/revisions\/1350"}],"up":[{"embeddable":true,"href":"http:\/\/www.matthias-hofmann.info\/index.php?rest_route=\/wp\/v2\/pages\/40"}],"wp:attachment":[{"href":"http:\/\/www.matthias-hofmann.info\/index.php?rest_route=%2Fwp%2Fv2%2Fmedia&parent=93"}],"curies":[{"name":"wp","href":"https:\/\/api.w.org\/{rel}","templated":true}]}}