{"id":8,"date":"2013-04-14T09:10:05","date_gmt":"2013-04-14T07:10:05","guid":{"rendered":"http:\/\/www.matthias-hofmann.info\/?page_id=8"},"modified":"2019-10-17T10:12:33","modified_gmt":"2019-10-17T08:12:33","slug":"startseite","status":"publish","type":"page","link":"http:\/\/www.matthias-hofmann.info\/","title":{"rendered":"Home"},"content":{"rendered":"<p style=\"text-align: left;\"><strong><span style=\"font-size: large;\">Bisher erschienen:<\/span><br \/>\n<\/strong><\/p>\n<p style=\"text-align: justify;\"><a href=\"http:\/\/www.matthias-hofmann.info\/wp-content\/uploads\/2013\/10\/Cover_Porrima3.png\"><img loading=\"lazy\" decoding=\"async\" class=\"alignleft size-medium wp-image-633\" src=\"http:\/\/www.matthias-hofmann.info\/wp-content\/uploads\/2013\/10\/Cover_Porrima3-187x300.png\" alt=\"Cover_Porrima3\" width=\"187\" height=\"300\" srcset=\"http:\/\/www.matthias-hofmann.info\/wp-content\/uploads\/2013\/10\/Cover_Porrima3-187x300.png 187w, http:\/\/www.matthias-hofmann.info\/wp-content\/uploads\/2013\/10\/Cover_Porrima3.png 400w\" sizes=\"auto, (max-width: 187px) 100vw, 187px\" \/><\/a><\/p>\n<p style=\"text-align: justify;\"><strong>Macht und Freiheit: Sturm \u00fcber Porrima<br \/>\n<\/strong><\/p>\n<p style=\"text-align: justify;\"><span style=\"text-decoration: underline;\">Klappentext:<\/span><br \/>\nF\u00fcr Captain Matthew Keaten, Kommandant des Schweren Erdkreuzers <em>Ceres<\/em>, ist der Besuch des Porrima-Systems nur eine Routine-Mission. Doch in den weitreichenden Pl\u00e4nen der Interstellaren Grenz-allianz spielt gerade dieses System eine ent- scheidende Rolle, was wiederum den Interessen des Vereinigten Erdsupremats zutiefst zuwiderl\u00e4uft.<br \/>\nUnd so stellt sich f\u00fcr Keaten bald die Frage, ob er dem bedr\u00e4ngten Porrima zur Hilfe eilt, dessen Freiheit zum Spielball von Allianz und der Erde in ihren Ringen um die Vorherrschaft in den von Menschen bewohnten Raumsektoren geworden ist.<\/p>\n<p><a href=\"http:\/\/www.matthias-hofmann.info\/wp-content\/uploads\/2015\/06\/Macht-und-Freiheit-Vorboten-des-Zorns-_Cover.jpg\"><img loading=\"lazy\" decoding=\"async\" class=\"alignleft size-medium wp-image-891\" src=\"http:\/\/www.matthias-hofmann.info\/wp-content\/uploads\/2015\/06\/Macht-und-Freiheit-Vorboten-des-Zorns-_Cover-186x300.jpg\" alt=\"Macht und Freiheit - Vorboten des Zorns _Cover\" width=\"186\" height=\"300\" srcset=\"http:\/\/www.matthias-hofmann.info\/wp-content\/uploads\/2015\/06\/Macht-und-Freiheit-Vorboten-des-Zorns-_Cover-186x300.jpg 186w, http:\/\/www.matthias-hofmann.info\/wp-content\/uploads\/2015\/06\/Macht-und-Freiheit-Vorboten-des-Zorns-_Cover-635x1024.jpg 635w, http:\/\/www.matthias-hofmann.info\/wp-content\/uploads\/2015\/06\/Macht-und-Freiheit-Vorboten-des-Zorns-_Cover.jpg 1242w\" sizes=\"auto, (max-width: 186px) 100vw, 186px\" \/><\/a><br \/>\n<strong>Macht und Freiheit 2: Vorboten des Zorns<br \/>\n<\/strong><\/p>\n<p style=\"text-align: justify;\"><span style=\"text-decoration: underline;\">Klappentext:<\/span><br \/>\nDas Kurierschiff <em>Avocet<\/em> mit der Senatorin Sarah Hancock an Bord, verschwindet im Gravstream.<br \/>\nDer Schwere Erdkreuzer <em>Ceres<\/em> wird gemeinsam mit anderen Schiffen auf die Suche nach der <em>Avocet<\/em> in die Neutrale Zone entsandt. Doch gleichzeitig muss man eine beunruhigende Steigerung von au\u00dferirdischen Aktivit\u00e4ten in der Zone aufkl\u00e4ren &#8211; und die Zeit wird knapp<\/p>\n<p style=\"text-align: justify;\">.<\/p>\n<p style=\"text-align: left;\"><a href=\"http:\/\/www.matthias-hofmann.info\/wp-content\/uploads\/2017\/03\/MF3-B.jpg\"><img loading=\"lazy\" decoding=\"async\" class=\"alignleft size-medium wp-image-1006\" src=\"http:\/\/www.matthias-hofmann.info\/wp-content\/uploads\/2017\/03\/MF3-B-186x300.jpg\" alt=\"\" width=\"186\" height=\"300\" srcset=\"http:\/\/www.matthias-hofmann.info\/wp-content\/uploads\/2017\/03\/MF3-B-186x300.jpg 186w, http:\/\/www.matthias-hofmann.info\/wp-content\/uploads\/2017\/03\/MF3-B-768x1236.jpg 768w, http:\/\/www.matthias-hofmann.info\/wp-content\/uploads\/2017\/03\/MF3-B-636x1024.jpg 636w, http:\/\/www.matthias-hofmann.info\/wp-content\/uploads\/2017\/03\/MF3-B.jpg 1000w\" sizes=\"auto, (max-width: 186px) 100vw, 186px\" \/><\/a><\/p>\n<p><strong>Macht und Freiheit 3: Zeitenwende<br \/>\n<\/strong><\/p>\n<p style=\"text-align: justify;\"><span style=\"text-decoration: underline;\">Klappentext:<\/span><br \/>\nDrei Monate sind seit dem Sieg der Erdstreitkr\u00e4fte \u00fcber die Tengai-Kaylani vergangen. Als die Erde von einer Welle fremdenfeindlicher \u00dcbergriffe auf Ausserirdische erfasst wird.<br \/>\nGleichzeitig treibt ein geheimnisvoller Handelsst\u00f6rer im Raumgebiet der Sidani sein Unwesen und provoziert so einen diplomatischen Zwischenfall zwischen der UES und der Sidani-F\u00f6deration.<br \/>\nZur selben Zeit bringen sich die Verschw\u00f6rer rund um Charles Walken in ihren Machtstreben gegen den UES-Pr\u00e4sidenten in Stellung, um endlich losschlagen zu k\u00f6nnen.<\/p>\n<p style=\"text-align: justify;\">.<\/p>\n<p style=\"text-align: justify;\"><a href=\"http:\/\/www.matthias-hofmann.info\/wp-content\/uploads\/2016\/02\/DeniseEricsson_Buch01-eBookCover_Farbe-klein.jpg\"><img loading=\"lazy\" decoding=\"async\" class=\"alignleft size-medium wp-image-926\" src=\"http:\/\/www.matthias-hofmann.info\/wp-content\/uploads\/2016\/02\/DeniseEricsson_Buch01-eBookCover_Farbe-klein-209x300.jpg\" alt=\"DeniseEricsson_Buch01 eBookCover_Farbe klein\" width=\"209\" height=\"300\" srcset=\"http:\/\/www.matthias-hofmann.info\/wp-content\/uploads\/2016\/02\/DeniseEricsson_Buch01-eBookCover_Farbe-klein-209x300.jpg 209w, http:\/\/www.matthias-hofmann.info\/wp-content\/uploads\/2016\/02\/DeniseEricsson_Buch01-eBookCover_Farbe-klein.jpg 600w\" sizes=\"auto, (max-width: 209px) 100vw, 209px\" \/><\/a><br \/>\n<strong>Denise Ericsson &#8211; Die Artefaktj\u00e4gerin: Panopl\u00eda<br \/>\n<\/strong><\/p>\n<p style=\"text-align: justify;\"><span style=\"text-decoration: underline;\">Klappentext:<\/span><br \/>\nDenise Ericsson beschafft historisch wertvolle Artefakte \u2013 teilweise auf eigene Rechnung, teilweise auch im Auftrag von Museen oder wohlhabender Privatleute. Im Verlauf ihrer bisherigen Karriere hat sie schon so einiges erlebt, aber ihr neuester Auftrag bringt ihren Verstand an die Grenzen des Vorstellbaren. Ihr bisher gr\u00f6\u00dftes Abenteuer nimmt seinen Lauf.<\/p>\n<p>&nbsp;<\/p>\n<p style=\"text-align: center;\"><strong>Alle B\u00fccher sind bei Amazon als Print- und eBook verf\u00fcgbar<\/strong><\/p>\n","protected":false},"excerpt":{"rendered":"<p>Bisher erschienen: Macht und Freiheit: Sturm \u00fcber Porrima Klappentext: F\u00fcr Captain Matthew Keaten, Kommandant des Schweren Erdkreuzers Ceres, ist der Besuch des Porrima-Systems nur eine Routine-Mission. Doch in den weitreichenden Pl\u00e4nen der Interstellaren Grenz-allianz spielt gerade dieses System eine ent- &hellip; <a href=\"http:\/\/www.matthias-hofmann.info\/\">Weiterlesen <span class=\"meta-nav\">&rarr;<\/span><\/a><\/p>\n","protected":false},"author":3,"featured_media":0,"parent":0,"menu_order":1,"comment_status":"closed","ping_status":"closed","template":"","meta":{"footnotes":""},"class_list":["post-8","page","type-page","status-publish","hentry"],"_links":{"self":[{"href":"http:\/\/www.matthias-hofmann.info\/index.php?rest_route=\/wp\/v2\/pages\/8","targetHints":{"allow":["GET"]}}],"collection":[{"href":"http:\/\/www.matthias-hofmann.info\/index.php?rest_route=\/wp\/v2\/pages"}],"about":[{"href":"http:\/\/www.matthias-hofmann.info\/index.php?rest_route=\/wp\/v2\/types\/page"}],"author":[{"embeddable":true,"href":"http:\/\/www.matthias-hofmann.info\/index.php?rest_route=\/wp\/v2\/users\/3"}],"replies":[{"embeddable":true,"href":"http:\/\/www.matthias-hofmann.info\/index.php?rest_route=%2Fwp%2Fv2%2Fcomments&post=8"}],"version-history":[{"count":31,"href":"http:\/\/www.matthias-hofmann.info\/index.php?rest_route=\/wp\/v2\/pages\/8\/revisions"}],"predecessor-version":[{"id":1047,"href":"http:\/\/www.matthias-hofmann.info\/index.php?rest_route=\/wp\/v2\/pages\/8\/revisions\/1047"}],"wp:attachment":[{"href":"http:\/\/www.matthias-hofmann.info\/index.php?rest_route=%2Fwp%2Fv2%2Fmedia&parent=8"}],"curies":[{"name":"wp","href":"https:\/\/api.w.org\/{rel}","templated":true}]}}

<p style="text-align: left;"><strong><span style="font-size: large;">Bisher erschienen:</span><br />
</strong></p>
<p style="text-align: justify;"><a href="http://www.matthias-hofmann.info/wp-content/uploads/2013/10/Cover_Porrima3.png"><img loading="lazy" decoding="async" class="alignleft size-medium wp-image-633" src="http://www.matthias-hofmann.info/wp-content/uploads/2013/10/Cover_Porrima3-187x300.png" alt="Cover_Porrima3" width="187" height="300" srcset="http://www.matthias-hofmann.info/wp-content/uploads/2013/10/Cover_Porrima3-187x300.png 187w, http://www.matthias-hofmann.info/wp-content/uploads/2013/10/Cover_Porrima3.png 400w" sizes="auto, (max-width: 187px) 100vw, 187px" /></a></p>
<p style="text-align: justify;"><strong>Macht und Freiheit: Sturm über Porrima<br />
</strong></p>
<p style="text-align: justify;"><span style="text-decoration: underline;">Klappentext:</span><br />
Für Captain Matthew Keaten, Kommandant des Schweren Erdkreuzers <em>Ceres</em>, ist der Besuch des Porrima-Systems nur eine Routine-Mission. Doch in den weitreichenden Plänen der Interstellaren Grenz-allianz spielt gerade dieses System eine ent- scheidende Rolle, was wiederum den Interessen des Vereinigten Erdsupremats zutiefst zuwiderläuft.<br />
Und so stellt sich für Keaten bald die Frage, ob er dem bedrängten Porrima zur Hilfe eilt, dessen Freiheit zum Spielball von Allianz und der Erde in ihren Ringen um die Vorherrschaft in den von Menschen bewohnten Raumsektoren geworden ist.</p>
<p><a href="http://www.matthias-hofmann.info/wp-content/uploads/2015/06/Macht-und-Freiheit-Vorboten-des-Zorns-_Cover.jpg"><img loading="lazy" decoding="async" class="alignleft size-medium wp-image-891" src="http://www.matthias-hofmann.info/wp-content/uploads/2015/06/Macht-und-Freiheit-Vorboten-des-Zorns-_Cover-186x300.jpg" alt="Macht und Freiheit - Vorboten des Zorns _Cover" width="186" height="300" srcset="http://www.matthias-hofmann.info/wp-content/uploads/2015/06/Macht-und-Freiheit-Vorboten-des-Zorns-_Cover-186x300.jpg 186w, http://www.matthias-hofmann.info/wp-content/uploads/2015/06/Macht-und-Freiheit-Vorboten-des-Zorns-_Cover-635x1024.jpg 635w, http://www.matthias-hofmann.info/wp-content/uploads/2015/06/Macht-und-Freiheit-Vorboten-des-Zorns-_Cover.jpg 1242w" sizes="auto, (max-width: 186px) 100vw, 186px" /></a><br />
<strong>Macht und Freiheit 2: Vorboten des Zorns<br />
</strong></p>
<p style="text-align: justify;"><span style="text-decoration: underline;">Klappentext:</span><br />
Das Kurierschiff <em>Avocet</em> mit der Senatorin Sarah Hancock an Bord, verschwindet im Gravstream.<br />
Der Schwere Erdkreuzer <em>Ceres</em> wird gemeinsam mit anderen Schiffen auf die Suche nach der <em>Avocet</em> in die Neutrale Zone entsandt. Doch gleichzeitig muss man eine beunruhigende Steigerung von außerirdischen Aktivitäten in der Zone aufklären &#8211; und die Zeit wird knapp</p>
<p style="text-align: justify;">.</p>
<p style="text-align: left;"><a href="http://www.matthias-hofmann.info/wp-content/uploads/2017/03/MF3-B.jpg"><img loading="lazy" decoding="async" class="alignleft size-medium wp-image-1006" src="http://www.matthias-hofmann.info/wp-content/uploads/2017/03/MF3-B-186x300.jpg" alt="" width="186" height="300" srcset="http://www.matthias-hofmann.info/wp-content/uploads/2017/03/MF3-B-186x300.jpg 186w, http://www.matthias-hofmann.info/wp-content/uploads/2017/03/MF3-B-768x1236.jpg 768w, http://www.matthias-hofmann.info/wp-content/uploads/2017/03/MF3-B-636x1024.jpg 636w, http://www.matthias-hofmann.info/wp-content/uploads/2017/03/MF3-B.jpg 1000w" sizes="auto, (max-width: 186px) 100vw, 186px" /></a></p>
<p><strong>Macht und Freiheit 3: Zeitenwende<br />
</strong></p>
<p style="text-align: justify;"><span style="text-decoration: underline;">Klappentext:</span><br />
Drei Monate sind seit dem Sieg der Erdstreitkräfte über die Tengai-Kaylani vergangen. Als die Erde von einer Welle fremdenfeindlicher Übergriffe auf Ausserirdische erfasst wird.<br />
Gleichzeitig treibt ein geheimnisvoller Handelsstörer im Raumgebiet der Sidani sein Unwesen und provoziert so einen diplomatischen Zwischenfall zwischen der UES und der Sidani-Föderation.<br />
Zur selben Zeit bringen sich die Verschwörer rund um Charles Walken in ihren Machtstreben gegen den UES-Präsidenten in Stellung, um endlich losschlagen zu können.</p>
<p style="text-align: justify;">.</p>
<p style="text-align: justify;"><a href="http://www.matthias-hofmann.info/wp-content/uploads/2016/02/DeniseEricsson_Buch01-eBookCover_Farbe-klein.jpg"><img loading="lazy" decoding="async" class="alignleft size-medium wp-image-926" src="http://www.matthias-hofmann.info/wp-content/uploads/2016/02/DeniseEricsson_Buch01-eBookCover_Farbe-klein-209x300.jpg" alt="DeniseEricsson_Buch01 eBookCover_Farbe klein" width="209" height="300" srcset="http://www.matthias-hofmann.info/wp-content/uploads/2016/02/DeniseEricsson_Buch01-eBookCover_Farbe-klein-209x300.jpg 209w, http://www.matthias-hofmann.info/wp-content/uploads/2016/02/DeniseEricsson_Buch01-eBookCover_Farbe-klein.jpg 600w" sizes="auto, (max-width: 209px) 100vw, 209px" /></a><br />
<strong>Denise Ericsson &#8211; Die Artefaktjägerin: Panoplía<br />
</strong></p>
<p style="text-align: justify;"><span style="text-decoration: underline;">Klappentext:</span><br />
Denise Ericsson beschafft historisch wertvolle Artefakte – teilweise auf eigene Rechnung, teilweise auch im Auftrag von Museen oder wohlhabender Privatleute. Im Verlauf ihrer bisherigen Karriere hat sie schon so einiges erlebt, aber ihr neuester Auftrag bringt ihren Verstand an die Grenzen des Vorstellbaren. Ihr bisher größtes Abenteuer nimmt seinen Lauf.</p>
<p>&nbsp;</p>
<p style="text-align: center;"><strong>Alle Bücher sind bei Amazon als Print- und eBook verfügbar</strong></p>

<p>Bisher erschienen: Macht und Freiheit: Sturm über Porrima Klappentext: Für Captain Matthew Keaten, Kommandant des Schweren Erdkreuzers Ceres, ist der Besuch des Porrima-Systems nur eine Routine-Mission. Doch in den weitreichenden Plänen der Interstellaren Grenz-allianz spielt gerade dieses System eine ent- &hellip; <a href="http://www.matthias-hofmann.info/">Weiterlesen <span class="meta-nav">&rarr;</span></a></p>
