{"id":27,"date":"2013-04-14T09:49:44","date_gmt":"2013-04-14T07:49:44","guid":{"rendered":"http:\/\/www.matthias-hofmann.info\/?page_id=27"},"modified":"2017-03-21T20:06:45","modified_gmt":"2017-03-21T18:06:45","slug":"bucher","status":"publish","type":"page","link":"http:\/\/www.matthias-hofmann.info\/?page_id=27","title":{"rendered":"B\u00fccher"},"content":{"rendered":"<p style=\"text-align: justify;\"><a href=\"http:\/\/www.matthias-hofmann.info\/wp-content\/uploads\/2013\/10\/Cover_Porrima3.png\"><img loading=\"lazy\" decoding=\"async\" class=\"alignleft size-medium wp-image-633\" src=\"http:\/\/www.matthias-hofmann.info\/wp-content\/uploads\/2013\/10\/Cover_Porrima3-187x300.png\" alt=\"Cover_Porrima3\" width=\"187\" height=\"300\" srcset=\"http:\/\/www.matthias-hofmann.info\/wp-content\/uploads\/2013\/10\/Cover_Porrima3-187x300.png 187w, http:\/\/www.matthias-hofmann.info\/wp-content\/uploads\/2013\/10\/Cover_Porrima3.png 400w\" sizes=\"auto, (max-width: 187px) 100vw, 187px\" \/><\/a><strong>Macht und Freiheit: Sturm \u00fcber Porrima<br \/>\n<\/strong>ISBN-13: 978-1492227557<br \/>\nISBN-10: 1492227552<br \/>\nUmfang: 368 Seiten<br \/>\nErscheinungsdatum: Oktober 2013<\/p>\n<p style=\"text-align: justify;\">Erh\u00e4ltlich auf Amazon.de<\/p>\n<p style=\"text-align: justify;\"><span style=\"text-decoration: underline;\">Klappentext:<\/span><br \/>\nF\u00fcr Captain Matthew Keaten, Kommandant des Schweren Erdkreuzers <em>Ceres<\/em>, ist der Besuch des Porrima-Systems nur eine Routine-Mission. Doch in den weitreichenden Pl\u00e4nen der Interstellaren Grenz-allianz spielt gerade dieses System eine ent- scheidende Rolle, was wiederum den Interessen des Vereinigten Erdsupremats zutiefst zuwiderl\u00e4uft.<\/p>\n<p style=\"text-align: justify;\">Und so stellt sich f\u00fcr Keaten bald die Frage, ob er dem bedr\u00e4ngten Porrima zur Hilfe eilt, dessen Freiheit zum Spielball von Allianz und der Erde in ihren Ringen um die Vorherrschaft in den von Menschen bewohnten Raumsektoren geworden ist.<\/p>\n<p>\u00a0<a href=\"http:\/\/www.matthias-hofmann.info\/wp-content\/uploads\/2015\/06\/Macht-und-Freiheit-Vorboten-des-Zorns-_Cover.jpg\"><img loading=\"lazy\" decoding=\"async\" class=\"alignleft size-medium wp-image-891\" src=\"http:\/\/www.matthias-hofmann.info\/wp-content\/uploads\/2015\/06\/Macht-und-Freiheit-Vorboten-des-Zorns-_Cover-186x300.jpg\" alt=\"Macht und Freiheit - Vorboten des Zorns _Cover\" width=\"186\" height=\"300\" srcset=\"http:\/\/www.matthias-hofmann.info\/wp-content\/uploads\/2015\/06\/Macht-und-Freiheit-Vorboten-des-Zorns-_Cover-186x300.jpg 186w, http:\/\/www.matthias-hofmann.info\/wp-content\/uploads\/2015\/06\/Macht-und-Freiheit-Vorboten-des-Zorns-_Cover-635x1024.jpg 635w, http:\/\/www.matthias-hofmann.info\/wp-content\/uploads\/2015\/06\/Macht-und-Freiheit-Vorboten-des-Zorns-_Cover.jpg 1242w\" sizes=\"auto, (max-width: 186px) 100vw, 186px\" \/><\/a><br \/>\n<strong>Macht und Freiheit 2: Vorboten des Zorns<br \/>\n<\/strong>ISBN-13: 978-1514280829<br \/>\nISBN-10: 1514280825<br \/>\nUmfang: 422 Seiten<br \/>\nErscheinungsdatum: Juni 2015<\/p>\n<p>Erh\u00e4ltlich auf Amazon.de<\/p>\n<p style=\"text-align: justify;\"><span style=\"text-decoration: underline;\">Klappentext:<\/span><br \/>\nDas Kurierschiff <em>Avocet<\/em> mit der Senatorin Sarah Hancock an Bord, verschwindet im Gravstream.<br \/>\nDer Schwere Erdkreuzer <em>Ceres<\/em> wird gemeinsam mit anderen Schiffen auf die Suche nach der <em>Avocet<\/em> in die Neutrale Zone entsandt. Doch gleichzeitig muss man eine beunruhigende Steigerung von au\u00dferirdischen Aktivit\u00e4ten in der Zone aufkl\u00e4ren &#8211; und die Zeit wird knapp.<\/p>\n<p style=\"text-align: justify;\"><a href=\"http:\/\/www.matthias-hofmann.info\/wp-content\/uploads\/2016\/02\/DeniseEricsson_Buch01-eBookCover_Farbe-klein.jpg\"><img loading=\"lazy\" decoding=\"async\" class=\"alignleft size-medium wp-image-926\" src=\"http:\/\/www.matthias-hofmann.info\/wp-content\/uploads\/2016\/02\/DeniseEricsson_Buch01-eBookCover_Farbe-klein-209x300.jpg\" alt=\"DeniseEricsson_Buch01 eBookCover_Farbe klein\" width=\"209\" height=\"300\" srcset=\"http:\/\/www.matthias-hofmann.info\/wp-content\/uploads\/2016\/02\/DeniseEricsson_Buch01-eBookCover_Farbe-klein-209x300.jpg 209w, http:\/\/www.matthias-hofmann.info\/wp-content\/uploads\/2016\/02\/DeniseEricsson_Buch01-eBookCover_Farbe-klein.jpg 600w\" sizes=\"auto, (max-width: 209px) 100vw, 209px\" \/><\/a><br \/>\n<strong>Denise Ericsson &#8211; Die Artefaktj\u00e4gerin: Panopl\u00eda<br \/>\n<\/strong>ISBN-13: 978-1519761248<br \/>\nISBN-10: 1519761244<br \/>\nUmfang: 310 Seiten<br \/>\nErscheinungsdatum: Februar 2016<\/p>\n<p>Erh\u00e4ltlich auf Amazon.de<\/p>\n<p style=\"text-align: justify;\"><span style=\"text-decoration: underline;\">Klappentext:<\/span><br \/>\nDenise Ericsson beschafft historisch wertvolle Artefakte \u2013 teilweise auf eigene Rechnung, teilweise auch im Auftrag von Museen oder wohlhabender Privatleute. Im Verlauf ihrer bisherigen Karriere hat sie schon so einiges erlebt, aber ihr neuester Auftrag bringt ihren Verstand an die Grenzen des Vorstellbaren. Ihr bisher gr\u00f6\u00dftes Abenteuer nimmt seinen Lauf.<\/p>\n<p style=\"text-align: justify;\"><a href=\"http:\/\/www.matthias-hofmann.info\/wp-content\/uploads\/2017\/03\/MF3-B.jpg\"><img loading=\"lazy\" decoding=\"async\" class=\"alignleft size-medium wp-image-1006\" src=\"http:\/\/www.matthias-hofmann.info\/wp-content\/uploads\/2017\/03\/MF3-B-186x300.jpg\" alt=\"\" width=\"186\" height=\"300\" srcset=\"http:\/\/www.matthias-hofmann.info\/wp-content\/uploads\/2017\/03\/MF3-B-186x300.jpg 186w, http:\/\/www.matthias-hofmann.info\/wp-content\/uploads\/2017\/03\/MF3-B-768x1236.jpg 768w, http:\/\/www.matthias-hofmann.info\/wp-content\/uploads\/2017\/03\/MF3-B-636x1024.jpg 636w, http:\/\/www.matthias-hofmann.info\/wp-content\/uploads\/2017\/03\/MF3-B.jpg 1000w\" sizes=\"auto, (max-width: 186px) 100vw, 186px\" \/><\/a><br \/>\n<strong>Macht und Freiheit 3: Zeitenwende<br \/>\n<\/strong>ISBN 13: 978-1537479538<br \/>\nISBN-10: 1537479539<br \/>\nUmfang: 412 Seiten<br \/>\nErscheinungsdatum: M\u00e4rz 2017<\/p>\n<p>Erh\u00e4ltlich auf Amazon.de<\/p>\n<p style=\"text-align: justify;\"><span style=\"text-decoration: underline;\">Klappentext:<\/span><br \/>\nDrei Monate sind seit dem Sieg der Erdstreitkr\u00e4fte \u00fcber die Tengai-Kaylani vergangen, als die Erde von einer Welle fremdenfeindlicher \u00dcbergriffe auf Au\u00dferirdische erfasst wird.<br \/>\nGleichzeitig treibt ein geheimnisvoller Handelsst\u00f6rer im Raumgebiet der Sidani sein Unwesen und provoziert so einen diplomatischen Zwischenfall zwischen der UES und der Sidani-F\u00f6deration.<br \/>\nZur selben Zeit bringen sich die Verschw\u00f6rer rund um Charles Walken in ihrem Machtstreben gegen den UES-Pr\u00e4sidenten in Stellung, um endlich losschlagen zu k\u00f6nnen.<\/p>\n","protected":false},"excerpt":{"rendered":"<p>Macht und Freiheit: Sturm \u00fcber Porrima ISBN-13: 978-1492227557 ISBN-10: 1492227552 Umfang: 368 Seiten Erscheinungsdatum: Oktober 2013 Erh\u00e4ltlich auf Amazon.de Klappentext: F\u00fcr Captain Matthew Keaten, Kommandant des Schweren Erdkreuzers Ceres, ist der Besuch des Porrima-Systems nur eine Routine-Mission. Doch in den &hellip; <a href=\"http:\/\/www.matthias-hofmann.info\/?page_id=27\">Weiterlesen <span class=\"meta-nav\">&rarr;<\/span><\/a><\/p>\n","protected":false},"author":3,"featured_media":0,"parent":0,"menu_order":4,"comment_status":"closed","ping_status":"closed","template":"","meta":{"footnotes":""},"class_list":["post-27","page","type-page","status-publish","hentry"],"_links":{"self":[{"href":"http:\/\/www.matthias-hofmann.info\/index.php?rest_route=\/wp\/v2\/pages\/27","targetHints":{"allow":["GET"]}}],"collection":[{"href":"http:\/\/www.matthias-hofmann.info\/index.php?rest_route=\/wp\/v2\/pages"}],"about":[{"href":"http:\/\/www.matthias-hofmann.info\/index.php?rest_route=\/wp\/v2\/types\/page"}],"author":[{"embeddable":true,"href":"http:\/\/www.matthias-hofmann.info\/index.php?rest_route=\/wp\/v2\/users\/3"}],"replies":[{"embeddable":true,"href":"http:\/\/www.matthias-hofmann.info\/index.php?rest_route=%2Fwp%2Fv2%2Fcomments&post=27"}],"version-history":[{"count":16,"href":"http:\/\/www.matthias-hofmann.info\/index.php?rest_route=\/wp\/v2\/pages\/27\/revisions"}],"predecessor-version":[{"id":1015,"href":"http:\/\/www.matthias-hofmann.info\/index.php?rest_route=\/wp\/v2\/pages\/27\/revisions\/1015"}],"wp:attachment":[{"href":"http:\/\/www.matthias-hofmann.info\/index.php?rest_route=%2Fwp%2Fv2%2Fmedia&parent=27"}],"curies":[{"name":"wp","href":"https:\/\/api.w.org\/{rel}","templated":true}]}}

Bücher

<p style="text-align: justify;"><a href="http://www.matthias-hofmann.info/wp-content/uploads/2013/10/Cover_Porrima3.png"><img loading="lazy" decoding="async" class="alignleft size-medium wp-image-633" src="http://www.matthias-hofmann.info/wp-content/uploads/2013/10/Cover_Porrima3-187x300.png" alt="Cover_Porrima3" width="187" height="300" srcset="http://www.matthias-hofmann.info/wp-content/uploads/2013/10/Cover_Porrima3-187x300.png 187w, http://www.matthias-hofmann.info/wp-content/uploads/2013/10/Cover_Porrima3.png 400w" sizes="auto, (max-width: 187px) 100vw, 187px" /></a><strong>Macht und Freiheit: Sturm über Porrima<br />
</strong>ISBN-13: 978-1492227557<br />
ISBN-10: 1492227552<br />
Umfang: 368 Seiten<br />
Erscheinungsdatum: Oktober 2013</p>
<p style="text-align: justify;">Erhältlich auf Amazon.de</p>
<p style="text-align: justify;"><span style="text-decoration: underline;">Klappentext:</span><br />
Für Captain Matthew Keaten, Kommandant des Schweren Erdkreuzers <em>Ceres</em>, ist der Besuch des Porrima-Systems nur eine Routine-Mission. Doch in den weitreichenden Plänen der Interstellaren Grenz-allianz spielt gerade dieses System eine ent- scheidende Rolle, was wiederum den Interessen des Vereinigten Erdsupremats zutiefst zuwiderläuft.</p>
<p style="text-align: justify;">Und so stellt sich für Keaten bald die Frage, ob er dem bedrängten Porrima zur Hilfe eilt, dessen Freiheit zum Spielball von Allianz und der Erde in ihren Ringen um die Vorherrschaft in den von Menschen bewohnten Raumsektoren geworden ist.</p>
<p> <a href="http://www.matthias-hofmann.info/wp-content/uploads/2015/06/Macht-und-Freiheit-Vorboten-des-Zorns-_Cover.jpg"><img loading="lazy" decoding="async" class="alignleft size-medium wp-image-891" src="http://www.matthias-hofmann.info/wp-content/uploads/2015/06/Macht-und-Freiheit-Vorboten-des-Zorns-_Cover-186x300.jpg" alt="Macht und Freiheit - Vorboten des Zorns _Cover" width="186" height="300" srcset="http://www.matthias-hofmann.info/wp-content/uploads/2015/06/Macht-und-Freiheit-Vorboten-des-Zorns-_Cover-186x300.jpg 186w, http://www.matthias-hofmann.info/wp-content/uploads/2015/06/Macht-und-Freiheit-Vorboten-des-Zorns-_Cover-635x1024.jpg 635w, http://www.matthias-hofmann.info/wp-content/uploads/2015/06/Macht-und-Freiheit-Vorboten-des-Zorns-_Cover.jpg 1242w" sizes="auto, (max-width: 186px) 100vw, 186px" /></a><br />
<strong>Macht und Freiheit 2: Vorboten des Zorns<br />
</strong>ISBN-13: 978-1514280829<br />
ISBN-10: 1514280825<br />
Umfang: 422 Seiten<br />
Erscheinungsdatum: Juni 2015</p>
<p>Erhältlich auf Amazon.de</p>
<p style="text-align: justify;"><span style="text-decoration: underline;">Klappentext:</span><br />
Das Kurierschiff <em>Avocet</em> mit der Senatorin Sarah Hancock an Bord, verschwindet im Gravstream.<br />
Der Schwere Erdkreuzer <em>Ceres</em> wird gemeinsam mit anderen Schiffen auf die Suche nach der <em>Avocet</em> in die Neutrale Zone entsandt. Doch gleichzeitig muss man eine beunruhigende Steigerung von außerirdischen Aktivitäten in der Zone aufklären &#8211; und die Zeit wird knapp.</p>
<p style="text-align: justify;"><a href="http://www.matthias-hofmann.info/wp-content/uploads/2016/02/DeniseEricsson_Buch01-eBookCover_Farbe-klein.jpg"><img loading="lazy" decoding="async" class="alignleft size-medium wp-image-926" src="http://www.matthias-hofmann.info/wp-content/uploads/2016/02/DeniseEricsson_Buch01-eBookCover_Farbe-klein-209x300.jpg" alt="DeniseEricsson_Buch01 eBookCover_Farbe klein" width="209" height="300" srcset="http://www.matthias-hofmann.info/wp-content/uploads/2016/02/DeniseEricsson_Buch01-eBookCover_Farbe-klein-209x300.jpg 209w, http://www.matthias-hofmann.info/wp-content/uploads/2016/02/DeniseEricsson_Buch01-eBookCover_Farbe-klein.jpg 600w" sizes="auto, (max-width: 209px) 100vw, 209px" /></a><br />
<strong>Denise Ericsson &#8211; Die Artefaktjägerin: Panoplía<br />
</strong>ISBN-13: 978-1519761248<br />
ISBN-10: 1519761244<br />
Umfang: 310 Seiten<br />
Erscheinungsdatum: Februar 2016</p>
<p>Erhältlich auf Amazon.de</p>
<p style="text-align: justify;"><span style="text-decoration: underline;">Klappentext:</span><br />
Denise Ericsson beschafft historisch wertvolle Artefakte – teilweise auf eigene Rechnung, teilweise auch im Auftrag von Museen oder wohlhabender Privatleute. Im Verlauf ihrer bisherigen Karriere hat sie schon so einiges erlebt, aber ihr neuester Auftrag bringt ihren Verstand an die Grenzen des Vorstellbaren. Ihr bisher größtes Abenteuer nimmt seinen Lauf.</p>
<p style="text-align: justify;"><a href="http://www.matthias-hofmann.info/wp-content/uploads/2017/03/MF3-B.jpg"><img loading="lazy" decoding="async" class="alignleft size-medium wp-image-1006" src="http://www.matthias-hofmann.info/wp-content/uploads/2017/03/MF3-B-186x300.jpg" alt="" width="186" height="300" srcset="http://www.matthias-hofmann.info/wp-content/uploads/2017/03/MF3-B-186x300.jpg 186w, http://www.matthias-hofmann.info/wp-content/uploads/2017/03/MF3-B-768x1236.jpg 768w, http://www.matthias-hofmann.info/wp-content/uploads/2017/03/MF3-B-636x1024.jpg 636w, http://www.matthias-hofmann.info/wp-content/uploads/2017/03/MF3-B.jpg 1000w" sizes="auto, (max-width: 186px) 100vw, 186px" /></a><br />
<strong>Macht und Freiheit 3: Zeitenwende<br />
</strong>ISBN 13: 978-1537479538<br />
ISBN-10: 1537479539<br />
Umfang: 412 Seiten<br />
Erscheinungsdatum: März 2017</p>
<p>Erhältlich auf Amazon.de</p>
<p style="text-align: justify;"><span style="text-decoration: underline;">Klappentext:</span><br />
Drei Monate sind seit dem Sieg der Erdstreitkräfte über die Tengai-Kaylani vergangen, als die Erde von einer Welle fremdenfeindlicher Übergriffe auf Außerirdische erfasst wird.<br />
Gleichzeitig treibt ein geheimnisvoller Handelsstörer im Raumgebiet der Sidani sein Unwesen und provoziert so einen diplomatischen Zwischenfall zwischen der UES und der Sidani-Föderation.<br />
Zur selben Zeit bringen sich die Verschwörer rund um Charles Walken in ihrem Machtstreben gegen den UES-Präsidenten in Stellung, um endlich losschlagen zu können.</p>

<p>Macht und Freiheit: Sturm über Porrima ISBN-13: 978-1492227557 ISBN-10: 1492227552 Umfang: 368 Seiten Erscheinungsdatum: Oktober 2013 Erhältlich auf Amazon.de Klappentext: Für Captain Matthew Keaten, Kommandant des Schweren Erdkreuzers Ceres, ist der Besuch des Porrima-Systems nur eine Routine-Mission. Doch in den &hellip; <a href="http://www.matthias-hofmann.info/?page_id=27">Weiterlesen <span class="meta-nav">&rarr;</span></a></p>
