{"id":22,"date":"2013-04-14T09:43:43","date_gmt":"2013-04-14T07:43:43","guid":{"rendered":"http:\/\/www.matthias-hofmann.info\/?page_id=22"},"modified":"2015-05-17T13:58:52","modified_gmt":"2015-05-17T11:58:52","slug":"macht-und-freiheit","status":"publish","type":"page","link":"http:\/\/www.matthias-hofmann.info\/?page_id=22","title":{"rendered":"Macht und Freiheit"},"content":{"rendered":"<p style=\"text-align: justify;\">Ist der Titel einer auf zehn Romane angelegten Serie, die zum Genre der Milit\u00e4r-Science Fiction geh\u00f6rt. Den Anfang machte mein Deb\u00fct<em> Macht und Freiheit 01: Sturm \u00fcber Porrima<\/em>, das eine in sich abgeschlossene Geschichte erz\u00e4hlt, und mit Matthew Keaten einen der beiden Hauptcharakter vorstellt, deren Schicksal im Mittelpunkt der Buchreihe stehen wird. Der zweite Hauptcharakter bekommt mit dem zweiten Roman, dessen Ver\u00f6ffentlichung bald bevorsteht, seinen ersten Auftritt.<\/p>\n<p style=\"text-align: justify;\">Die Idee zu dieser Reihe hatte ich bereits vor etwas mehr als f\u00fcnfzehn Jahren. Inhaltlich war das Ganze nat\u00fcrlich noch nicht sehr ausgereift, allerdings ist die Geschichte \u00fcber die Jahre gewachsen. Sobald dies erreicht war, habe ich mit dem Schreiben begonnen.<\/p>\n<p style=\"text-align: justify;\">Die Seiten auf meiner Homepage sollen dazu dienen, Informationen zu liefern, f\u00fcr die in den Roman\/en in diesem Umfang kein Platz sein wird. Leider gibt es momentan nur sehr wenige Bilder, aber mit der Zeit habe ich vor, dies zu \u00e4ndern. So sollen die Staats-und Organisationsembleme hinzugef\u00fcgt werden, aber auch Darstellungen der Au\u00dferirdischen selbst und von Uniformen.\u00a0 Auch plane ich, k\u00fcnftig zu allen Schiffsklassen, die hier beschrieben werden, eine schematische Zeichnung zur Verf\u00fcgung zu stellen.<\/p>\n<p style=\"text-align: justify;\">Dies hat jedoch noch Zeit und wird erst nach und nach erfolgen. Meine Priorit\u00e4t liegt auf der Fertigstellung der weiteren Romane, die ab jetzt in einem j\u00e4hrlichen Rhythmus erscheinen werden. Bis dahin kann sich der geneigte Leser mit den hier bereitgestellten Informationen etwas die Zeit vertreiben.<\/p>\n<p style=\"text-align: justify;\">In diesem Sinne, euer Matthias Hofmann.<\/p>\n<p>&nbsp;<\/p>\n","protected":false},"excerpt":{"rendered":"<p>Ist der Titel einer auf zehn Romane angelegten Serie, die zum Genre der Milit\u00e4r-Science Fiction geh\u00f6rt. Den Anfang machte mein Deb\u00fct Macht und Freiheit 01: Sturm \u00fcber Porrima, das eine in sich abgeschlossene Geschichte erz\u00e4hlt, und mit Matthew Keaten einen &hellip; <a href=\"http:\/\/www.matthias-hofmann.info\/?page_id=22\">Weiterlesen <span class=\"meta-nav\">&rarr;<\/span><\/a><\/p>\n","protected":false},"author":3,"featured_media":0,"parent":0,"menu_order":3,"comment_status":"closed","ping_status":"closed","template":"sidebar-page.php","meta":{"footnotes":""},"class_list":["post-22","page","type-page","status-publish","hentry"],"_links":{"self":[{"href":"http:\/\/www.matthias-hofmann.info\/index.php?rest_route=\/wp\/v2\/pages\/22","targetHints":{"allow":["GET"]}}],"collection":[{"href":"http:\/\/www.matthias-hofmann.info\/index.php?rest_route=\/wp\/v2\/pages"}],"about":[{"href":"http:\/\/www.matthias-hofmann.info\/index.php?rest_route=\/wp\/v2\/types\/page"}],"author":[{"embeddable":true,"href":"http:\/\/www.matthias-hofmann.info\/index.php?rest_route=\/wp\/v2\/users\/3"}],"replies":[{"embeddable":true,"href":"http:\/\/www.matthias-hofmann.info\/index.php?rest_route=%2Fwp%2Fv2%2Fcomments&post=22"}],"version-history":[{"count":13,"href":"http:\/\/www.matthias-hofmann.info\/index.php?rest_route=\/wp\/v2\/pages\/22\/revisions"}],"predecessor-version":[{"id":26,"href":"http:\/\/www.matthias-hofmann.info\/index.php?rest_route=\/wp\/v2\/pages\/22\/revisions\/26"}],"wp:attachment":[{"href":"http:\/\/www.matthias-hofmann.info\/index.php?rest_route=%2Fwp%2Fv2%2Fmedia&parent=22"}],"curies":[{"name":"wp","href":"https:\/\/api.w.org\/{rel}","templated":true}]}}